termine z(s).
14
Let g(l) be the first derivative of -l**4/4 + 13*l**3/3 - 10*l**2 - 14*l - 6097. Determine g(10).
86
Let p(w) be the third derivative of w**6/60 - w**5/20 - w**4/4 + 7*w**3/6 - w**2 + 445. What is p(3)?
16
Let q(l) = 8*l + 15. Suppose -25*p = -3*p + 12*p + 102. What is q(p)?
-9
Suppose 378 = 97*c - 204. Let d(u) = -4*u**2 + 22*u + 7. Determine d(c).
-5
Let p(y) be the third derivative of -y**4/12 + 11*y**3/6 - 2*y**2. Let m = 100261 + -100261. Calculate p(m).
11
Let b(y) = -2*y**2 - 41*y + 30. Let n be b(-21). Suppose -6 = -11*x + n*x. Let i(z) = 18 - z**x - 2*z + 2*z**2 - 6*z**2 - 32 + 12. Give i(-3).
-5
Let i(v) = -29*v + 36. Suppose 17 + 30 = 15*n + 32. What is i(n)?
7
Let x = -28 + 30. Let n(z) = -84*z**2 + 89*z**2 - z**3 - 2*z**3 + x*z**3 - 2*z - 4. Suppose 0 = -3*a + 5 + 4. Calculate n(a).
8
Let u(n) = n**3 - 7*n**2 + 15*n - 37. Let d = -4873 + 4879. Determine u(d).
17
Let m(d) = 17*d**3 - 50*d**2 + 3*d - 20. Let n be m(3). Let o(l) = -25*l - 7. What is o(n)?
43
Let m(y) = -2*y**3 - 15*y**2 + 4*y + 68. Suppose 4 = 4*h, -2*h = -5*w - 10 - 27. Let f be m(w). Let q(j) = -2*j - 13. Determine q(f).
5
Let m(h) = 5*h + 13. Let v(w) = -w**2 + 2*w + 9. Let j be v(3). Let d(g) = -4*g - 12. Let s(l) = j*d(l) + 5*m(l). Let u = 213 + -208. Determine s(u).
-2
Let l(d) = 3*d**2 - 36*d - 1. Let s(t) = 10*t**2 - 105*t - 3. Let o(c) = 8*l(c) - 3*s(c). Determine o(5).
-14
Let u = -23 - -93. Let y be (u/(-42))/((-2)/6). Suppose y = 2*p + 1. Let k(v) = -2*v**3 + 2*v**2 + 3*v - 3. What is k(p)?
-5
Suppose -2*m - 2*v + v = -14, -16 = -4*v. Let x(u) be the second derivative of 0 - 7/2*u**2 - 17*u - 1/12*u**4 + 5/6*u**3. Determine x(m).
-7
Let a(k) be the first derivative of -k**4/4 + 7*k**3/3 + 4*k**2 + 8*k - 5350. Let o = 3 + 5. Give a(o).
8
Let q(m) = -9*m + 18*m - 5 - 15*m. Suppose 32*v = 28*v + 104. Let f be ((-7)/(-3))/7 - v/6. Determine q(f).
19
Let c(f) = -f**2 + 8*f - 16. Let g(r) = 110 + 1914*r - 343 - 1973*r. Let h be g(-4). Give c(h).
-1
Let y(u) = -u + 1. Let p = -37 - -33. Let z be (-23 + 22)/(1/p). Suppose 2*s = -5*h - s + 45, 18 = 2*h + z*s. What is y(h)?
-8
Let g(p) = -541*p**2 + 49*p - 63. Let v(x) = -295*x**2 + 25*x - 31. Let c(l) = 6*g(l) - 11*v(l). What is c(15)?
23
Let b(r) = -3*r + 37*r + 6 + 2 - 16*r + r**2 - 2*r. Give b(-15).
-7
Let p(c) = 14*c + 84. Let g(r) = 28*r + 167. Let k(x) = 4*g(x) - 7*p(x). Determine k(-6).
-4
Let o(c) = -9*c - 9. Suppose 6*l - 22 = -10. Suppose 2*r - 10 = -r + l*n, -4*n + 22 = r. Let m(z) = 11*z + 9. Let k(h) = r*o(h) + 5*m(h). Give k(8).
-1
Suppose p + 272 = 3*o, -116 = -2*o + 5*p + 74. Suppose 25*t - 43*t = -o. Let r(b) = -b**3 + 5*b**2 - 4. What is r(t)?
-4
Let n(l) = -47 + 41*l + 25*l**2 - 21*l**2 - 20*l - 11*l. Calculate n(-5).
3
Let p = -133182 - -133185. Let h(f) = 1 + 2*f - 5*f - 2. Calculate h(p).
-10
Suppose 0 = 5*v + 20, v + 2*v = -w. Suppose -m + 5*l - 3 = w, 2*m - 40 = -4*l. Let y(p) = m*p**2 + 2 - 6*p - 12*p**2 + 3. Determine y(-5).
-15
Suppose -74*p + 16*p = -21*p + 51*p - 440. Let x(j) be the third derivative of -j**6/120 + j**5/15 + j**4/4 - 11*j**3/6 + j**2. What is x(p)?
-6
Let y(p) = 3225 + 3*p + 3226 - 6448. Suppose 35*v - 10 = 40*v. Determine y(v).
-3
Let g = -45 - -42. Let q(c) = c**2 + 5*c + 7. Let p be q(g). Let t(h) = -p + h**2 + 0*h**2 - 2*h - 5*h. What is t(7)?
-1
Suppose 0 = 5*h - 5*x + 855, h + 163 = -4*x - 3. Let s = -183 - h. Let q(g) = -g**3 - 14*g**2 - 13*g - 2. Give q(s).
-2
Let d(b) = 204 - 90*b + b**2 - 60*b + 187*b. Give d(-30).
-6
Let f(n) = 56*n + 2248. Let l be f(-40). Let x(m) = -m**3 + 8*m**2 - m + 15. Give x(l).
7
Let m(u) = -u**2 + u - 6. Suppose 0 = 2*a - f - 8, -a - 13*f = -12*f + 2. Let t(o) = -3*o**2 + 2*o - 14. Let d(b) = a*t(b) - 5*m(b). What is d(-4)?
-10
Let j(a) = a + 5. Let w(l) = 6*l**2 + 85*l + 10. Let f be w(-14). Give j(f).
1
Let v(d) = -19*d - 24. Let x(k) = 16*k + 24. Let z(y) = 5*v(y) + 6*x(y). Calculate z(-7).
17
Let n(l) = -l**2 - 109*l - 1082. Let m be n(-98). Let d(a) = -a**3 - 4*a**2 + 8*a + 22. Calculate d(m).
-10
Let w(h) = -h**2 + 6*h - 12. Let u = 246 + 163. Let j = 415 - u. Calculate w(j).
-12
Let z be (-561)/(-44) + (-2)/(-8). Suppose -t + 4*x - x = 1, z = -3*t - x. Let m(g) = -34*g**2 + 4 - 5 + 0 - 6*g + 20*g**2 + 12*g**2. Give m(t).
-9
Let p be -2 - 4*3/4. Let t = p - -7. Let y(w) = -8*w - 1. Let h(n) = -17*n - 3. Let j(v) = t*h(v) - 5*y(v). What is j(-3)?
-19
Let o(r) be the third derivative of 1/12*r**4 + 2/3*r**3 + 288*r**2 + 0*r + 0. Give o(-9).
-14
Let l be 0 + (-25)/(7/(-7)). Let i(v) = -2 + 32*v - 13*v - l*v. What is i(5)?
-32
Let d(q) = -10*q**2 + 14*q + 2. Let j(a) = 5*a**2 - 6*a - 1. Let c(v) = 3*d(v) + 5*j(v). Let r(t) = t**2 + 1. Let h(b) = c(b) + 6*r(b). Determine h(-10).
-13
Let t be (-2 - (6 - 6))/(1/(-4)). Let x(h) = 7*h - 9. What is x(t)?
47
Let m(o) be the second derivative of 2*o**3/3 + o**2 + 6*o - 68. Calculate m(13).
54
Let u(z) = z**3 - 10*z**2 + 11*z - 16. Let a be (-50)/(-16) + -3 + (-994)/(-112). Give u(a).
2
Let r(a) = a**3 - 4*a**2 - a - 18. Let w be r(5). Suppose -66 = -3*z + 3*x, w*x - 14 = -z + 20. Let b = z + -25. Let p(j) = 7*j**3. Determine p(b).
7
Let b(i) = i**3 - 18*i**2 - 30*i + 198. Let j be b(19). Let g(n) = 6*n + 78. What is g(j)?
12
Let m(t) = 14*t - 188. Suppose 5*v = -c + 69, -2207*v + 4*c = -2202*v - 49. Calculate m(v).
-6
Let n(y) = 5*y - 8. Let w(c) = -3*c + 5. Let b(s) = 5*s + 49. Let q be b(-12). Let d(v) = q*w(v) - 6*n(v). Calculate d(6).
11
Let a(r) = -204*r - 66*r + 2*r**3 + 145*r + 143*r - 20*r**2 + 5. Determine a(9).
5
Let h(z) be the second derivative of z**4/6 - 10*z**3/3 - z**2/2 + 5*z + 223. What is h(7)?
-43
Let r(c) = 41*c - 76. Let i(u) = 62*u - 112. Let y(j) = 5*i(j) - 7*r(j). What is y(3)?
41
Let n(j) = j**2 + 33*j - 538. Let f be n(12). Let o(w) be the first derivative of -w + 13/2*w**f - 15. Determine o(1).
12
Let t(g) = -29*g**2 + 62*g**2 + 2 - 32*g**2. Give t(8).
66
Let x(d) = 193*d + d**2 + 3*d**2 + 0*d**2 + 194*d + 4 - 389*d. Give x(-3).
46
Let t(x) be the third derivative of x**7/840 + x**6/90 - x**5/20 - x**4/6 - 125*x**3/3 + x**2 + 4*x. Let n(b) be the first derivative of t(b). Give n(-5).
1
Let g be 0 + -1 + -8 - 0. Let r(x) = 2*x - 1540*x**2 + 3086*x**2 - 36*x**3 - 1555*x**2 + 1 + 35*x**3. Calculate r(g).
-17
Let q(x) = x**2 + 6*x - 27. Suppose -64 = 5*o - 47*c + 44*c, -15 = -5*c. Determine q(o).
28
Let p = -54 + 62. Suppose -34 = -p*i - 26. Let d(o) = -2*o**2 + o - 1. Calculate d(i).
-2
Let r(f) be the third derivative of f**4/2 - 2*f**3 + 868*f**2. Calculate r(2).
12
Let i(g) = 3*g**2 - 93*g - 98. Let b be 1/((-72)/(-432) + 1 + (-327)/288). What is i(b)?
-2
Let u(j) = 3*j - 17. Let y(q) = -20*q + 126. Let a(m) = -26*u(m) - 4*y(m). Give a(25).
-12
Let h(p) = p**3 + 3*p**2 + 2*p + 6. Suppose -a + 41 = -5*b, -3*b - a + 14 = 45. Let r(y) = y**2 + 25*y + 141. Let s be r(b). Give h(s).
0
Let g(d) be the third derivative of 0*d + 1/6*d**3 - 92*d**2 + 1/12*d**4 + 0. Give g(3).
7
Let a(d) = d - 17. Let r(n) = -13*n - 15. Let c be r(-3). Suppose -c*k = -26*k - 50. Let z = 40 + k. Determine a(z).
-2
Let x(y) = -23*y + 27. Let o(i) = -31*i + 41. Let j(c) = 5*o(c) - 7*x(c). Determine j(0).
16
Let d(t) = t**2 - 6*t + 5. Let i be (-28)/(-6) - (-22)/(-33). Let f be (1 + (-1)/2)/(i/(-616)). Let j = -71 - f. What is d(j)?
5
Suppose -2*v = 2*v - 2*q - 8, -q + 2 = 0. Let h(n) = n**2 - 5*n + 9. Let b be h(v). Let a be -3 + -3 + b - 0. Let i(k) = -k**3 - 4*k**2 - 2*k - 2. Give i(a).
-5
Let q be 6/(-14) + (7 + -6)/(35/15). Let b(a) = 2*a**2 - 5*a + 6. Calculate b(q).
6
Let s(x) be the second derivative of 2 + 5/2*x**2 + 2/3*x**3 + 17*x. Determine s(-4).
-11
Let c(z) = 2*z**2 + 115*z - 26*z - 33*z - 3 + 2 - 29*z. What is c(0)?
-1
Let r be 4 - 8/(0 - -4). Let z(y) = 16*y - 5*y - 5*y - y**2 + 16*y**3 - 5*y - 15*y**3 + 1. What is z(r)?
7
Let y(m) = -401 - 396 - 5*m + 811 - m**2. Give y(-6).
8
Let n = -2 - -1. Let z(w) be the first derivative of 10*w**3/3 - w + 4577. What is z(n)?
9
Suppose 0 = 2*d - 5*c + 18, 0 = 2*d + 10*c - 12*c + 18. Let q(v) = 3*v + 16. Determine q(d).
-11
Let y(v) be the second derivative of 7*v**5/120 + v**4/6 + v**3/6 + 31*v - 3. Let r(h) be the second derivative of y(h). Give r(-2).
-10
Let c(a) = -a**2 - 7*a + 2. Let b be c(-6). Suppose -b*i